t is 0 + 141303443?
141303443
In base 13, what is -283 - 313?
-596
In base 15, what is 2d + -1035?
-1007
In base 9, what is 503877 + 2?
503880
In base 15, what is 0 + 4bad?
4bad
In base 2, what is -10000101101110 + 101010?
-10000101000100
In base 8, what is 474207 + 4?
474213
In base 12, what is 21b39 - -5?
21b42
In base 11, what is -678 + -25?
-6a2
In base 10, what is 9 - -228?
237
In base 8, what is -5155 + -5?
-5162
In base 14, what is 20811 - -3?
20814
In base 16, what is 232 - -c9?
2fb
In base 11, what is -1464 + 3a?
-1425
In base 13, what is 3 + 4070?
4073
In base 13, what is -4 + 12660?
12659
In base 5, what is -1223320 + 12?
-1223303
In base 9, what is -5 - -16435?
16430
In base 5, what is -2 - 212043?
-212100
In base 13, what is 4 + -222a83?
-222a7c
In base 14, what is c772 - -13?
c785
In base 2, what is 101 - -1110101001111?
1110101010100
In base 7, what is 1145 + 1004?
2152
In base 8, what is -537300 - 4?
-537304
In base 13, what is -335 + -29?
-361
In base 7, what is -612140 - 2?
-612142
In base 5, what is 1 + 201401?
201402
In base 13, what is 1757a0 + 3?
1757a3
In base 14, what is 25 + 28d?
2b4
In base 10, what is 319 + 429?
748
In base 8, what is 43 + 3553?
3616
In base 5, what is -110 - 14332?
-14442
In base 4, what is 30020 + -3111?
20303
In base 15, what is -7 - 15842?
-15849
In base 3, what is 11221112002 - -10?
11221112012
In base 13, what is -1a - -82c?
812
In base 11, what is -85 - -4403?
4329
In base 16, what is 2 - -fb8b4?
fb8b6
In base 6, what is 2243533 + -3?
2243530
In base 9, what is 3360 + 5?
3365
In base 6, what is -1112 - 12235?
-13351
In base 9, what is -276663 + 2?
-276661
In base 11, what is -4740a4 - -5?
-47409a
In base 10, what is -1244 + -168?
-1412
In base 5, what is -1021 - 1014003?
-1020024
In base 2, what is 1010 + 1010000111011000?
1010000111100010
In base 10, what is -378704 + 2?
-378702
In base 8, what is 72 - -1105?
1177
In base 15, what is 82ad - 4?
82a9
In base 10, what is 62440 + 7?
62447
In base 14, what is -2c0 + -60c?
-8cc
In base 4, what is 10 - 121103?
-121033
In base 14, what is 5b5 - d6?
4bd
In base 16, what is a8b0 - 0?
a8b0
In base 4, what is 12 + -10020?
-10002
In base 5, what is 2 + 3040042?
3040044
In base 14, what is 7 - -11d8?
1201
In base 13, what is 0 + 3c17?
3c17
In base 13, what is 8 - -35a?
365
In base 5, what is 31323 + 4?
31332
In base 10, what is 1075999 + 2?
1076001
In base 6, what is 110 - -1223?
1333
In base 16, what is 2 - -72d?
72f
In base 5, what is -102024412 - -4?
-102024403
In base 11, what is 465 - -544?
9a9
In base 10, what is 25967 - 8?
25959
In base 15, what is -69b - 8b?
-737
In base 13, what is -275 + ca?
-178
In base 10, what is -4 - 133867?
-133871
In base 8, what is -15 - 3123?
-3140
In base 6, what is 2532 + 2?
2534
In base 12, what is 8 + 1a9a?
1aa6
In base 5, what is 11124 - -40?
11214
In base 8, what is -1 + -1527214?
-1527215
In base 9, what is -6022 + -10?
-6032
In base 2, what is 111010110101011 + 11100?
111010111000111
In base 15, what is 1286d4 + -3?
1286d1
In base 11, what is 38 + -497?
-45a
In base 12, what is -4b + 337b?
3330
In base 14, what is -681 - 2a?
-6ab
In base 5, what is -433414 + -3?
-433422
In base 14, what is -862a + 20?
-860a
In base 13, what is -2 + -15715?
-15717
In base 7, what is -304022 + -4?
-304026
In base 13, what is 389 - -80?
439
In base 2, what is -1100011101101 + -101?
-1100011110010
In base 3, what is -11001212 - 20?
-11002002
In base 12, what is 4 - 4a00a?
-4a006
In base 3, what is -120212202 - 102?
-120220011
In base 15, what is -1756 + 20?
-1736
In base 5, what is 11433 - -13?
12001
In base 11, what is 4869 - -11?
487a
In base 6, what is -12 + -1223455?
-1223511
In base 5, what is -33 - 44?
-132
In base 5, what is 300 - 200212?
-144412
In base 7, what is 45136 - 121?
45015
In base 4, what is 3 - -200012002?
200012011
In base 5, what is 1 - -2140201?
2140202
In base 13, what is -9367 - -4?
-9363
In base 16, what is 2b9e - -c?
2baa
In base 3, what is 1010110010 - -10?
1010110020
In base 8, what is 1336660 + 4?
1336664
In base 16, what is -2e02 - -41?
-2dc1
In base 8, what is 26641 - -31?
26672
In base 16, what is 8 - 1d6c?
-1d64
In base 7, what is -102 + -2025?
-2130
In base 8, what is 1573 - 2?
1571
In base 12, what is 69710 + 0?
69710
In base 6, what is -24 + -13030?
-13054
In base 12, what is -ab + 7a?
-31
In base 8, what is -244647 + 52?
-244575
In base 8, what is -2215 + 13023?
10606
In base 15, what is -1199 - 9?
-11a3
In base 13, what is -5 + -59c49?
-59c51
In base 13, what is 6 + -9935?
-992c
In base 16, what is 1bf3 + 2?
1bf5
In base 7, what is -34244516 - 3?
-34244522
In base 4, what is -111311 - 13200?
-131111
In base 9, what is 73727 + 3?
73731
In base 5, what is -3140041 - 2?
-3140043
In base 5, what is 0 - -130?
130
In base 15, what is 1a0be + -3?
1a0bb
In base 9, what is 175 - -46?
232
In base 11, what is 42 - 21?
21
In base 11, what is 6 + 37a3?
37a9
In base 13, what is 14 - 636?
-622
In base 13, what is -283 - -133?
-150
In base 14, what is -3 - -8445d?
8445a
In base 7, what is -1 - -35056?
35055
In base 6, what is 13100 + -3?
13053
In base 14, what is 31 - -1dc08?
1dc39
In base 4, what is 1102012311 - 2?
1102012303
In base 7, what is -26 - 21314?
-21343
In base 11, what is -3 + -7392?
-7395
In base 15, what is ba - 6ce?
-614
In base 10, what is 191 - 912?
-721
In base 4, what is 1 - 110002?
-110001
In base 13, what is 142a7 - 2?
142a5
In base 6, what is -1051144 - 4?
-1051152
In base 9, what is -12 - 11151?
-11163
In base 16, what is 274 - 12?
262
In base 11, what is -9680 + -a?
-968a
In base 5, what is 4 + 314133?
314142
In base 12, what is -2 - -128116?
128114
In base 4, what is -1022 + 102?
-320
In base 11, what is 5 - 84243?
-84239
In base 12, what is 2913 + 3?
2916
In base 8, what is -627227 + 0?
-627227
In base 12, what is -804 + a8?
-718
In base 9, what is -57818 - -38?
-57770
In base 14, what is 1 + -2115?
-2114
In base 10, what is -3 - 54997?
-55000
In base 14, what is 10b4 - c?
10a6
In base 3, what is -10 + 1110201?
1110121
In base 8, what is -4103 - 37?
-4142
In base 2, what is -1100011100011111 - 110?
-1100011100100101
In base 11, what is 57 - -47?
a3
In base 8, what is -3 - 76243?
-76246
In base 6, what is -14351 + 232?
-14115
In base 5, what is 1 + 4131?
4132
In base 10, what is -151 - -50?
-101
In base 3, what is 1 - 102010101?
-102010100
In base 11, what is -778a49 - -7?
-778a42
In base 8, what is 1 - -24527?
24530
In base 9, what is -1 - 53883?
-53884
In base 9, what is -5 - 77835?
-77841
In base 16, what is -2bde + -a?
-2be8
In base 15, what is -1078 + 1?
-1077
In base 4, what is 10121313 + -21?
10121232
In base 15, what is -3 - 315?
-318
In base 8, what is -116247 + 4?
-116243
In base 5, what is -1 + 2203200?
2203144
In base 3, what is -11010010110 - 2?
-11010010112
In base 6, what is -4 + -3252?
-3300
In base 8, what is 23 + -10476?
-10453
In base 15, what is -416c + -8e?
-420b
In base 10, what is -9618 + -8?
-9626
In base 4, what is -10102 + 332?
-3110
In base 9, what is -12578 - 50?
-12638
In base 15, what is -19 - 34c0?
-34d9
In base 11, what is 14 + -1a775?
-1a761
In base 2, what is 110100000111001 + 100?
110100000111101
In base 9, what is 27 - -266?
304
In base 13, what is -a447 + b8?
-a35c
In base 12, what is -8 + 341?
335
In base 4, what is -1021321 + 10?
-1021311
In base 9, what is -386126 - -5?
-386121
In base 9, what is 1665 - -45?
1721
In base 9, what is 50 - -5667?
5727
In base 3, what is -10200000022 - -11?
-10200000011
In base 14, what is 235 + 715?
94a
In base 10, what is -86 - -5938?
5852
In base 9, what is 15 + -344115?
-344100
In base 10, what is 1337 + 4450?
5787
In base 5, what is -1020342 + 2?
-1020340
In base 2, what is 1000001 + -100011010011011?
-100011001011010
In base 8, what is -1070 - 16402?
-17472
In base 5, what is 14 + -20444?
-20430
In base 3, what is -120 + 120012000?
120011110
In base 13, what is -4 + 1554a?
15546
In base 4, what is -1 - -1010121023?
1010121022
In base 4, what is -10 - -3222200?
3222130
In base 2, what is 10010110100 + 10011100110?
100110011010
In base 5, what is -422000 - 301?
-422301
In base 7, what is 41 - 6313?
-6242
In base 4, what is -10 + 1102210302?
1102210232
In base 11, what is 125 + -39?
97
In base 13, what is -aa -